{"id":16,"date":"2015-01-27T11:55:16","date_gmt":"2015-01-27T11:55:16","guid":{"rendered":"http:\/\/avada.theme-fusion.com_demos\/travel\/?page_id=16"},"modified":"2017-06-24T09:31:10","modified_gmt":"2017-06-24T09:31:10","slug":"ciudad-rodrigo","status":"publish","type":"page","link":"https:\/\/siegaverdecasarural.com\/web\/?page_id=16","title":{"rendered":"Ciudad Rodrigo (Salamanca)"},"content":{"rendered":"<p><div class=\"fusion-fullwidth fullwidth-box fusion-builder-row-1 nonhundred-percent-fullwidth non-hundred-percent-height-scrolling\" style=\"--awb-background-position:left top;--awb-border-radius-top-left:0px;--awb-border-radius-top-right:0px;--awb-border-radius-bottom-right:0px;--awb-border-radius-bottom-left:0px;--awb-padding-top:110px;--awb-padding-bottom:13px;--awb-background-color:#ffffff;--awb-border-sizes-top:0px;--awb-border-sizes-bottom:0px;--awb-flex-wrap:wrap;\" ><div class=\"fusion-builder-row fusion-row\"><div class=\"fusion-layout-column fusion_builder_column fusion-builder-column-0 fusion_builder_column_1_1 1_1 fusion-one-full fusion-column-first fusion-column-last\" style=\"--awb-bg-size:cover;\"><div class=\"fusion-column-wrapper fusion-flex-column-wrapper-legacy\"><div class=\"fusion-text fusion-text-1\"><h1 style=\"text-align: center;\">Descubre Ciudad Rodrigo<\/h1>\n<\/div><div class=\"fusion-text fusion-text-2\"><h3 style=\"text-align: center;\">Ciudad Rodrigo, situado al suroeste de <strong>Salamanca<\/strong>, a muy pocos Kil\u00f3metros de la frontera Portuguesa.<br \/>\nCiudad Amurallada que llev\u00f3 el nombre de Mir\u00f3briga, repleta de monumentos religiosos, palacios y casas solariegas, que le dan a la ciudad un aire se\u00f1orial de la <strong>edad Media<\/strong>.<br \/>\nNombrada como \u00abUno de los pueblos m\u00e1s bonitos de Espa\u00f1a\u00bb<\/h3>\n<\/div><div class=\"fusion-image-carousel fusion-image-carousel-auto fusion-image-carousel-1 fusion-no-small-visibility fusion-no-medium-visibility lightbox-enabled fusion-carousel-border\"><div class=\"awb-carousel awb-swiper awb-swiper-carousel awb-carousel--carousel awb-swiper-dots-position-bottom\" data-layout=\"carousel\" data-autoplay=\"no\" data-autoplayspeed=\"2500\" data-autoplaypause=\"no\" data-columns=\"3\" data-columnsmedium=\"1\" data-columnssmall=\"1\" data-itemmargin=\"13\" data-itemwidth=\"180\" data-touchscroll=\"no\" data-freemode=\"no\" data-imagesize=\"auto\" data-scrollitems=\"0\" data-centeredslides=\"no\" data-rotationangle=\"50\" data-depth=\"100\" data-speed=\"500\" data-shadow=\"no\" data-pagination=\"bullets\" style=\"--awb-columns:3;--awb-border-width:1px;--awb-border-color:#e9eaee;\"><div class=\"swiper-wrapper awb-image-carousel-wrapper fusion-flex-align-items-center\"><div class=\"swiper-slide\"><div class=\"fusion-carousel-item-wrapper\"><div class=\"fusion-image-wrapper hover-type-none\"><a data-rel=\"iLightbox[image_carousel_1]\" data-title=\"parador3\" aria-label=\"parador3\" href=\"http:\/\/siegaverdecasarural.com\/web\/wp-content\/uploads\/2015\/01\/parador3.jpg\" target=\"_self\"><img decoding=\"async\" width=\"2048\" height=\"1536\" src=\"https:\/\/siegaverdecasarural.com\/web\/wp-content\/uploads\/2015\/01\/parador3.jpg\" class=\"attachment-full size-full\" alt=\"\" srcset=\"https:\/\/siegaverdecasarural.com\/web\/wp-content\/uploads\/2015\/01\/parador3-200x150.jpg 200w, https:\/\/siegaverdecasarural.com\/web\/wp-content\/uploads\/2015\/01\/parador3-400x300.jpg 400w, https:\/\/siegaverdecasarural.com\/web\/wp-content\/uploads\/2015\/01\/parador3-600x450.jpg 600w, https:\/\/siegaverdecasarural.com\/web\/wp-content\/uploads\/2015\/01\/parador3-800x600.jpg 800w, https:\/\/siegaverdecasarural.com\/web\/wp-content\/uploads\/2015\/01\/parador3-1200x900.jpg 1200w, https:\/\/siegaverdecasarural.com\/web\/wp-content\/uploads\/2015\/01\/parador3.jpg 2048w\" sizes=\"(min-width: 2200px) 100vw, (min-width: 824px) 381px, (min-width: 732px) 572px, (min-width: 640px) 732px, \" \/><\/a><\/div><\/div><\/div><div class=\"swiper-slide\"><div class=\"fusion-carousel-item-wrapper\"><div class=\"fusion-image-wrapper hover-type-none\"><a data-rel=\"iLightbox[image_carousel_1]\" data-title=\"ayto\" aria-label=\"ayto\" href=\"http:\/\/siegaverdecasarural.com\/web\/wp-content\/uploads\/2015\/01\/ayto.jpg\" target=\"_self\"><img decoding=\"async\" width=\"2048\" height=\"1536\" src=\"https:\/\/siegaverdecasarural.com\/web\/wp-content\/uploads\/2015\/01\/ayto.jpg\" class=\"attachment-full size-full\" alt=\"\" srcset=\"https:\/\/siegaverdecasarural.com\/web\/wp-content\/uploads\/2015\/01\/ayto-200x150.jpg 200w, https:\/\/siegaverdecasarural.com\/web\/wp-content\/uploads\/2015\/01\/ayto-400x300.jpg 400w, https:\/\/siegaverdecasarural.com\/web\/wp-content\/uploads\/2015\/01\/ayto-600x450.jpg 600w, https:\/\/siegaverdecasarural.com\/web\/wp-content\/uploads\/2015\/01\/ayto-800x600.jpg 800w, https:\/\/siegaverdecasarural.com\/web\/wp-content\/uploads\/2015\/01\/ayto-1200x900.jpg 1200w, https:\/\/siegaverdecasarural.com\/web\/wp-content\/uploads\/2015\/01\/ayto.jpg 2048w\" sizes=\"(min-width: 2200px) 100vw, (min-width: 824px) 381px, (min-width: 732px) 572px, (min-width: 640px) 732px, \" \/><\/a><\/div><\/div><\/div><div class=\"swiper-slide\"><div class=\"fusion-carousel-item-wrapper\"><div class=\"fusion-image-wrapper hover-type-none\"><a data-rel=\"iLightbox[image_carousel_1]\" data-title=\"parador10\" aria-label=\"parador10\" href=\"http:\/\/siegaverdecasarural.com\/web\/wp-content\/uploads\/2015\/01\/parador10.jpg\" target=\"_self\"><img decoding=\"async\" width=\"2048\" height=\"1536\" src=\"https:\/\/siegaverdecasarural.com\/web\/wp-content\/uploads\/2015\/01\/parador10.jpg\" class=\"attachment-full size-full\" alt=\"\" srcset=\"https:\/\/siegaverdecasarural.com\/web\/wp-content\/uploads\/2015\/01\/parador10-200x150.jpg 200w, https:\/\/siegaverdecasarural.com\/web\/wp-content\/uploads\/2015\/01\/parador10-400x300.jpg 400w, https:\/\/siegaverdecasarural.com\/web\/wp-content\/uploads\/2015\/01\/parador10-600x450.jpg 600w, https:\/\/siegaverdecasarural.com\/web\/wp-content\/uploads\/2015\/01\/parador10-800x600.jpg 800w, https:\/\/siegaverdecasarural.com\/web\/wp-content\/uploads\/2015\/01\/parador10-1200x900.jpg 1200w, https:\/\/siegaverdecasarural.com\/web\/wp-content\/uploads\/2015\/01\/parador10.jpg 2048w\" sizes=\"(min-width: 2200px) 100vw, (min-width: 824px) 381px, (min-width: 732px) 572px, (min-width: 640px) 732px, \" \/><\/a><\/div><\/div><\/div><\/div><div class=\"awb-swiper-button awb-swiper-button-prev\"><i class=\"awb-icon-angle-left\" aria-hidden=\"true\"><\/i><\/div><div class=\"awb-swiper-button awb-swiper-button-next\"><i class=\"awb-icon-angle-right\" aria-hidden=\"true\"><\/i><\/div><\/div><\/div><div class=\"fusion-clearfix\"><\/div><\/div><\/div><\/div><\/div><div class=\"fusion-fullwidth fullwidth-box fusion-builder-row-2 nonhundred-percent-fullwidth non-hundred-percent-height-scrolling\" style=\"--awb-border-radius-top-left:0px;--awb-border-radius-top-right:0px;--awb-border-radius-bottom-right:0px;--awb-border-radius-bottom-left:0px;--awb-padding-top:20px;--awb-padding-bottom:20px;--awb-background-color:#f0f0ed;--awb-flex-wrap:wrap;\" ><div class=\"fusion-builder-row fusion-row\"><div class=\"fusion-layout-column fusion_builder_column fusion-builder-column-1 fusion_builder_column_1_1 1_1 fusion-one-full fusion-column-first fusion-column-last\" style=\"--awb-bg-size:cover;\"><div class=\"fusion-column-wrapper fusion-flex-column-wrapper-legacy\"><div class=\"fusion-text fusion-text-3\"><h1 style=\"text-align: center;\">Gastronom\u00eda<\/h1>\n<\/div><div class=\"fusion-text fusion-text-4\"><h3 style=\"text-align: center;\">La gastronom\u00eda de <strong>Ciudad Rodrigo<\/strong> conserva los platos de cuchara, propios de la zona.<br \/>\nCarnes de calidad gracias a los grandes campos de encina de las dehesas charras.<br \/>\nNo puedes irte sin haber probado los \u00ab<strong>huevos con farinato<\/strong>\u00ab, plato t\u00edpico mirobrigense, o unas ricas<strong> Duquesitas<\/strong> como postre.<\/h3>\n<\/div><div class=\"fusion-image-carousel fusion-image-carousel-auto fusion-image-carousel-2 fusion-no-small-visibility fusion-no-medium-visibility lightbox-enabled fusion-carousel-border\"><div class=\"awb-carousel awb-swiper awb-swiper-carousel awb-carousel--carousel awb-swiper-dots-position-bottom\" data-layout=\"carousel\" data-autoplay=\"no\" data-autoplayspeed=\"2500\" data-autoplaypause=\"no\" data-columns=\"3\" data-columnsmedium=\"1\" data-columnssmall=\"1\" data-itemmargin=\"13\" data-itemwidth=\"180\" data-touchscroll=\"no\" data-freemode=\"no\" data-imagesize=\"auto\" data-scrollitems=\"0\" data-centeredslides=\"no\" data-rotationangle=\"50\" data-depth=\"100\" data-speed=\"500\" data-shadow=\"no\" data-pagination=\"bullets\" style=\"--awb-columns:3;--awb-border-width:1px;--awb-border-color:#e9eaee;\"><div class=\"swiper-wrapper awb-image-carousel-wrapper fusion-flex-align-items-center\"><div class=\"swiper-slide\"><div class=\"fusion-carousel-item-wrapper\"><div class=\"fusion-image-wrapper hover-type-none\"><a data-rel=\"iLightbox[image_carousel_2]\" data-title=\"farinato-1\" aria-label=\"farinato-1\" href=\"http:\/\/siegaverdecasarural.com\/web\/wp-content\/uploads\/2015\/01\/farinato-1.jpg\" target=\"_self\"><img decoding=\"async\" width=\"624\" height=\"350\" src=\"https:\/\/siegaverdecasarural.com\/web\/wp-content\/uploads\/2015\/01\/farinato-1.jpg\" class=\"attachment-full size-full\" alt=\"\" srcset=\"https:\/\/siegaverdecasarural.com\/web\/wp-content\/uploads\/2015\/01\/farinato-1-200x112.jpg 200w, https:\/\/siegaverdecasarural.com\/web\/wp-content\/uploads\/2015\/01\/farinato-1-400x224.jpg 400w, https:\/\/siegaverdecasarural.com\/web\/wp-content\/uploads\/2015\/01\/farinato-1-600x337.jpg 600w, https:\/\/siegaverdecasarural.com\/web\/wp-content\/uploads\/2015\/01\/farinato-1.jpg 624w\" sizes=\"(min-width: 2200px) 100vw, (min-width: 824px) 381px, (min-width: 732px) 572px, (min-width: 640px) 732px, \" \/><\/a><\/div><\/div><\/div><div class=\"swiper-slide\"><div class=\"fusion-carousel-item-wrapper\"><div class=\"fusion-image-wrapper hover-type-none\"><a data-rel=\"iLightbox[image_carousel_2]\" data-title=\"dulces-duquesitas\" aria-label=\"dulces-duquesitas\" href=\"http:\/\/siegaverdecasarural.com\/web\/wp-content\/uploads\/2015\/01\/dulces-duquesitas.jpg\" target=\"_self\"><img decoding=\"async\" width=\"624\" height=\"350\" src=\"https:\/\/siegaverdecasarural.com\/web\/wp-content\/uploads\/2015\/01\/dulces-duquesitas.jpg\" class=\"attachment-full size-full\" alt=\"\" srcset=\"https:\/\/siegaverdecasarural.com\/web\/wp-content\/uploads\/2015\/01\/dulces-duquesitas-200x112.jpg 200w, https:\/\/siegaverdecasarural.com\/web\/wp-content\/uploads\/2015\/01\/dulces-duquesitas-400x224.jpg 400w, https:\/\/siegaverdecasarural.com\/web\/wp-content\/uploads\/2015\/01\/dulces-duquesitas-600x337.jpg 600w, https:\/\/siegaverdecasarural.com\/web\/wp-content\/uploads\/2015\/01\/dulces-duquesitas.jpg 624w\" sizes=\"(min-width: 2200px) 100vw, (min-width: 824px) 381px, (min-width: 732px) 572px, (min-width: 640px) 732px, \" \/><\/a><\/div><\/div><\/div><div class=\"swiper-slide\"><div class=\"fusion-carousel-item-wrapper\"><div class=\"fusion-image-wrapper hover-type-none\"><a data-rel=\"iLightbox[image_carousel_2]\" data-title=\"cerdo-iberico-secreto\" aria-label=\"cerdo-iberico-secreto\" href=\"http:\/\/siegaverdecasarural.com\/web\/wp-content\/uploads\/2015\/01\/cerdo-iberico-secreto.jpg\" target=\"_self\"><img decoding=\"async\" width=\"624\" height=\"350\" src=\"https:\/\/siegaverdecasarural.com\/web\/wp-content\/uploads\/2015\/01\/cerdo-iberico-secreto.jpg\" class=\"attachment-full size-full\" alt=\"\" srcset=\"https:\/\/siegaverdecasarural.com\/web\/wp-content\/uploads\/2015\/01\/cerdo-iberico-secreto-200x112.jpg 200w, https:\/\/siegaverdecasarural.com\/web\/wp-content\/uploads\/2015\/01\/cerdo-iberico-secreto-400x224.jpg 400w, https:\/\/siegaverdecasarural.com\/web\/wp-content\/uploads\/2015\/01\/cerdo-iberico-secreto-600x337.jpg 600w, https:\/\/siegaverdecasarural.com\/web\/wp-content\/uploads\/2015\/01\/cerdo-iberico-secreto.jpg 624w\" sizes=\"(min-width: 2200px) 100vw, (min-width: 824px) 381px, (min-width: 732px) 572px, (min-width: 640px) 732px, \" \/><\/a><\/div><\/div><\/div><\/div><div class=\"awb-swiper-button awb-swiper-button-prev\"><i class=\"awb-icon-angle-left\" aria-hidden=\"true\"><\/i><\/div><div class=\"awb-swiper-button awb-swiper-button-next\"><i class=\"awb-icon-angle-right\" aria-hidden=\"true\"><\/i><\/div><\/div><\/div><div class=\"fusion-clearfix\"><\/div><\/div><\/div><\/div><\/div><div class=\"fusion-fullwidth fullwidth-box fusion-builder-row-3 nonhundred-percent-fullwidth non-hundred-percent-height-scrolling\" style=\"--awb-border-radius-top-left:0px;--awb-border-radius-top-right:0px;--awb-border-radius-bottom-right:0px;--awb-border-radius-bottom-left:0px;--awb-padding-top:20px;--awb-padding-bottom:20px;--awb-background-color:#ffffff;--awb-flex-wrap:wrap;\" ><div class=\"fusion-builder-row fusion-row\"><div class=\"fusion-layout-column fusion_builder_column fusion-builder-column-2 fusion_builder_column_1_1 1_1 fusion-one-full fusion-column-first fusion-column-last\" style=\"--awb-bg-size:cover;\"><div class=\"fusion-column-wrapper fusion-flex-column-wrapper-legacy\"><div class=\"fusion-text fusion-text-5\"><h1 style=\"text-align: center;\">Carnaval del Toro<\/h1>\n<\/div><div class=\"fusion-text fusion-text-6\"><h3 style=\"text-align: center;\">Considerado como el <strong>carnaval<\/strong> m\u00e1s antiguo de Espa\u00f1a. El espect\u00e1culo m\u00e1s destacado es el <strong>encierro a caballo<\/strong>, pero tambi\u00e9n cuenta con encierros, capeas, corridas de toros, <strong>charangas<\/strong>, bailes de disfraces&#8230;<br \/>\nEs el \u00fanico en el mundo donde se unen m\u00e1scara y<strong> toro<\/strong>, por ello resulta una fiesta inigualable.<\/h3>\n<\/div><div class=\"fusion-image-carousel fusion-image-carousel-auto fusion-image-carousel-3 fusion-no-small-visibility fusion-no-medium-visibility lightbox-enabled fusion-carousel-border\"><div class=\"awb-carousel awb-swiper awb-swiper-carousel awb-carousel--carousel awb-swiper-dots-position-bottom\" data-layout=\"carousel\" data-autoplay=\"no\" data-autoplayspeed=\"2500\" data-autoplaypause=\"no\" data-columns=\"3\" data-columnsmedium=\"1\" data-columnssmall=\"1\" data-itemmargin=\"13\" data-itemwidth=\"180\" data-touchscroll=\"no\" data-freemode=\"no\" data-imagesize=\"auto\" data-scrollitems=\"0\" data-centeredslides=\"no\" data-rotationangle=\"50\" data-depth=\"100\" data-speed=\"500\" data-shadow=\"no\" data-pagination=\"bullets\" style=\"--awb-columns:3;--awb-border-width:1px;--awb-border-color:#e9eaee;\"><div class=\"swiper-wrapper awb-image-carousel-wrapper fusion-flex-align-items-center\"><div class=\"swiper-slide\"><div class=\"fusion-carousel-item-wrapper\"><div class=\"fusion-image-wrapper hover-type-none\"><a data-rel=\"iLightbox[image_carousel_3]\" data-title=\"1-carnaval-del-toro\" aria-label=\"1-carnaval-del-toro\" href=\"http:\/\/siegaverdecasarural.com\/web\/wp-content\/uploads\/2015\/01\/1-carnaval-del-toro.jpg\" target=\"_self\"><img decoding=\"async\" width=\"1680\" height=\"1050\" src=\"https:\/\/siegaverdecasarural.com\/web\/wp-content\/uploads\/2015\/01\/1-carnaval-del-toro.jpg\" class=\"attachment-full size-full\" alt=\"\" srcset=\"https:\/\/siegaverdecasarural.com\/web\/wp-content\/uploads\/2015\/01\/1-carnaval-del-toro-200x125.jpg 200w, https:\/\/siegaverdecasarural.com\/web\/wp-content\/uploads\/2015\/01\/1-carnaval-del-toro-400x250.jpg 400w, https:\/\/siegaverdecasarural.com\/web\/wp-content\/uploads\/2015\/01\/1-carnaval-del-toro-600x375.jpg 600w, https:\/\/siegaverdecasarural.com\/web\/wp-content\/uploads\/2015\/01\/1-carnaval-del-toro-800x500.jpg 800w, https:\/\/siegaverdecasarural.com\/web\/wp-content\/uploads\/2015\/01\/1-carnaval-del-toro-1200x750.jpg 1200w, https:\/\/siegaverdecasarural.com\/web\/wp-content\/uploads\/2015\/01\/1-carnaval-del-toro.jpg 1680w\" sizes=\"(min-width: 2200px) 100vw, (min-width: 824px) 381px, (min-width: 732px) 572px, (min-width: 640px) 732px, \" \/><\/a><\/div><\/div><\/div><div class=\"swiper-slide\"><div class=\"fusion-carousel-item-wrapper\"><div class=\"fusion-image-wrapper hover-type-none\"><a data-rel=\"iLightbox[image_carousel_3]\" data-title=\"domingo-9\" aria-label=\"domingo-9\" href=\"http:\/\/siegaverdecasarural.com\/web\/wp-content\/uploads\/2015\/01\/domingo-9.jpg\" target=\"_self\"><img decoding=\"async\" width=\"1199\" height=\"720\" src=\"https:\/\/siegaverdecasarural.com\/web\/wp-content\/uploads\/2015\/01\/domingo-9.jpg\" class=\"attachment-full size-full\" alt=\"\" srcset=\"https:\/\/siegaverdecasarural.com\/web\/wp-content\/uploads\/2015\/01\/domingo-9-200x120.jpg 200w, https:\/\/siegaverdecasarural.com\/web\/wp-content\/uploads\/2015\/01\/domingo-9-400x240.jpg 400w, https:\/\/siegaverdecasarural.com\/web\/wp-content\/uploads\/2015\/01\/domingo-9-600x360.jpg 600w, https:\/\/siegaverdecasarural.com\/web\/wp-content\/uploads\/2015\/01\/domingo-9-800x480.jpg 800w, https:\/\/siegaverdecasarural.com\/web\/wp-content\/uploads\/2015\/01\/domingo-9.jpg 1199w\" sizes=\"(min-width: 2200px) 100vw, (min-width: 824px) 381px, (min-width: 732px) 572px, (min-width: 640px) 732px, \" \/><\/a><\/div><\/div><\/div><div class=\"swiper-slide\"><div class=\"fusion-carousel-item-wrapper\"><div class=\"fusion-image-wrapper hover-type-none\"><a data-rel=\"iLightbox[image_carousel_3]\" data-title=\"3-toros-ciudad-rodrigo\" aria-label=\"3-toros-ciudad-rodrigo\" href=\"http:\/\/siegaverdecasarural.com\/web\/wp-content\/uploads\/2015\/01\/3-toros-ciudad-rodrigo.jpg\" target=\"_self\"><img decoding=\"async\" width=\"1680\" height=\"1050\" src=\"https:\/\/siegaverdecasarural.com\/web\/wp-content\/uploads\/2015\/01\/3-toros-ciudad-rodrigo.jpg\" class=\"attachment-full size-full\" alt=\"\" srcset=\"https:\/\/siegaverdecasarural.com\/web\/wp-content\/uploads\/2015\/01\/3-toros-ciudad-rodrigo-200x125.jpg 200w, https:\/\/siegaverdecasarural.com\/web\/wp-content\/uploads\/2015\/01\/3-toros-ciudad-rodrigo-400x250.jpg 400w, https:\/\/siegaverdecasarural.com\/web\/wp-content\/uploads\/2015\/01\/3-toros-ciudad-rodrigo-600x375.jpg 600w, https:\/\/siegaverdecasarural.com\/web\/wp-content\/uploads\/2015\/01\/3-toros-ciudad-rodrigo-800x500.jpg 800w, https:\/\/siegaverdecasarural.com\/web\/wp-content\/uploads\/2015\/01\/3-toros-ciudad-rodrigo-1200x750.jpg 1200w, https:\/\/siegaverdecasarural.com\/web\/wp-content\/uploads\/2015\/01\/3-toros-ciudad-rodrigo.jpg 1680w\" sizes=\"(min-width: 2200px) 100vw, (min-width: 824px) 381px, (min-width: 732px) 572px, (min-width: 640px) 732px, \" \/><\/a><\/div><\/div><\/div><\/div><div class=\"awb-swiper-button awb-swiper-button-prev\"><i class=\"awb-icon-angle-left\" aria-hidden=\"true\"><\/i><\/div><div class=\"awb-swiper-button awb-swiper-button-next\"><i class=\"awb-icon-angle-right\" aria-hidden=\"true\"><\/i><\/div><\/div><\/div><div class=\"fusion-clearfix\"><\/div><\/div><\/div><\/div><\/div><div class=\"fusion-fullwidth fullwidth-box fusion-builder-row-4 nonhundred-percent-fullwidth non-hundred-percent-height-scrolling\" style=\"--awb-border-radius-top-left:0px;--awb-border-radius-top-right:0px;--awb-border-radius-bottom-right:0px;--awb-border-radius-bottom-left:0px;--awb-padding-top:20px;--awb-padding-bottom:20px;--awb-background-color:#f0f0ed;--awb-flex-wrap:wrap;\" ><div class=\"fusion-builder-row fusion-row\"><div class=\"fusion-layout-column fusion_builder_column fusion-builder-column-3 fusion_builder_column_1_1 1_1 fusion-one-full fusion-column-first fusion-column-last\" style=\"--awb-bg-size:cover;\"><div class=\"fusion-column-wrapper fusion-flex-column-wrapper-legacy\"><div class=\"fusion-text fusion-text-7\"><h1 style=\"text-align: center;\">Feria de teatro<\/h1>\n<\/div><div class=\"fusion-text fusion-text-8\"><h3 style=\"text-align: center;\">La <strong>Feria de Teatro de Castilla y Le\u00f3n<\/strong> \u00a0es un proyecto cultural que convierte<strong> Ciudad Rodrigo<\/strong> en una ciudad teatral \u00fanica y especial.<br \/>\nRepleta de espect\u00e1culos para todos los p\u00fablicos, zona de \u00abDiverteatro\u00bb para que los m\u00e1s peque\u00f1os tambi\u00e9n puedan disfrutar, espect\u00e1culos callejeros y mucho m\u00e1s&#8230;<\/h3>\n<\/div><div class=\"fusion-image-carousel fusion-image-carousel-auto fusion-image-carousel-4 fusion-no-small-visibility fusion-no-medium-visibility lightbox-enabled fusion-carousel-border\"><div class=\"awb-carousel awb-swiper awb-swiper-carousel awb-carousel--carousel awb-swiper-dots-position-bottom\" data-layout=\"carousel\" data-autoplay=\"no\" data-autoplayspeed=\"2500\" data-autoplaypause=\"no\" data-columns=\"3\" data-columnsmedium=\"1\" data-columnssmall=\"1\" data-itemmargin=\"13\" data-itemwidth=\"180\" data-touchscroll=\"no\" data-freemode=\"no\" data-imagesize=\"auto\" data-scrollitems=\"0\" data-centeredslides=\"no\" data-rotationangle=\"50\" data-depth=\"100\" data-speed=\"500\" data-shadow=\"no\" data-pagination=\"bullets\" style=\"--awb-columns:3;--awb-border-width:1px;--awb-border-color:#e9eaee;\"><div class=\"swiper-wrapper awb-image-carousel-wrapper fusion-flex-align-items-center\"><div class=\"swiper-slide\"><div class=\"fusion-carousel-item-wrapper\"><div class=\"fusion-image-wrapper hover-type-none\"><a data-rel=\"iLightbox[image_carousel_4]\" data-title=\"nora_6\" aria-label=\"nora_6\" href=\"http:\/\/siegaverdecasarural.com\/web\/wp-content\/uploads\/2015\/01\/NORA_6.jpg\" target=\"_self\"><img decoding=\"async\" width=\"2937\" height=\"1915\" src=\"https:\/\/siegaverdecasarural.com\/web\/wp-content\/uploads\/2015\/01\/NORA_6.jpg\" class=\"attachment-full size-full\" alt=\"\" srcset=\"https:\/\/siegaverdecasarural.com\/web\/wp-content\/uploads\/2015\/01\/NORA_6-200x130.jpg 200w, https:\/\/siegaverdecasarural.com\/web\/wp-content\/uploads\/2015\/01\/NORA_6-400x261.jpg 400w, https:\/\/siegaverdecasarural.com\/web\/wp-content\/uploads\/2015\/01\/NORA_6-600x391.jpg 600w, https:\/\/siegaverdecasarural.com\/web\/wp-content\/uploads\/2015\/01\/NORA_6-800x522.jpg 800w, https:\/\/siegaverdecasarural.com\/web\/wp-content\/uploads\/2015\/01\/NORA_6-1200x782.jpg 1200w, https:\/\/siegaverdecasarural.com\/web\/wp-content\/uploads\/2015\/01\/NORA_6.jpg 2937w\" sizes=\"(min-width: 2200px) 100vw, (min-width: 824px) 381px, (min-width: 732px) 572px, (min-width: 640px) 732px, \" \/><\/a><\/div><\/div><\/div><div class=\"swiper-slide\"><div class=\"fusion-carousel-item-wrapper\"><div class=\"fusion-image-wrapper hover-type-none\"><a data-rel=\"iLightbox[image_carousel_4]\" data-title=\"virtual_20\" aria-label=\"virtual_20\" href=\"http:\/\/siegaverdecasarural.com\/web\/wp-content\/uploads\/2015\/01\/VIRTUAL_20.jpg\" target=\"_self\"><img decoding=\"async\" width=\"3888\" height=\"2592\" src=\"https:\/\/siegaverdecasarural.com\/web\/wp-content\/uploads\/2015\/01\/VIRTUAL_20.jpg\" class=\"attachment-full size-full\" alt=\"\" srcset=\"https:\/\/siegaverdecasarural.com\/web\/wp-content\/uploads\/2015\/01\/VIRTUAL_20-200x133.jpg 200w, https:\/\/siegaverdecasarural.com\/web\/wp-content\/uploads\/2015\/01\/VIRTUAL_20-400x267.jpg 400w, https:\/\/siegaverdecasarural.com\/web\/wp-content\/uploads\/2015\/01\/VIRTUAL_20-600x400.jpg 600w, https:\/\/siegaverdecasarural.com\/web\/wp-content\/uploads\/2015\/01\/VIRTUAL_20-800x533.jpg 800w, https:\/\/siegaverdecasarural.com\/web\/wp-content\/uploads\/2015\/01\/VIRTUAL_20-1200x800.jpg 1200w, https:\/\/siegaverdecasarural.com\/web\/wp-content\/uploads\/2015\/01\/VIRTUAL_20.jpg 3888w\" sizes=\"(min-width: 2200px) 100vw, (min-width: 824px) 381px, (min-width: 732px) 572px, (min-width: 640px) 732px, \" \/><\/a><\/div><\/div><\/div><div class=\"swiper-slide\"><div class=\"fusion-carousel-item-wrapper\"><div class=\"fusion-image-wrapper hover-type-none\"><a data-rel=\"iLightbox[image_carousel_4]\" data-title=\"feria-teatro-ciudad-rodrigo\" aria-label=\"feria-teatro-ciudad-rodrigo\" href=\"http:\/\/siegaverdecasarural.com\/web\/wp-content\/uploads\/2015\/01\/feria-teatro-ciudad-rodrigo.jpg\" target=\"_self\"><img decoding=\"async\" width=\"3888\" height=\"2592\" src=\"https:\/\/siegaverdecasarural.com\/web\/wp-content\/uploads\/2015\/01\/feria-teatro-ciudad-rodrigo.jpg\" class=\"attachment-full size-full\" alt=\"\" srcset=\"https:\/\/siegaverdecasarural.com\/web\/wp-content\/uploads\/2015\/01\/feria-teatro-ciudad-rodrigo-200x133.jpg 200w, https:\/\/siegaverdecasarural.com\/web\/wp-content\/uploads\/2015\/01\/feria-teatro-ciudad-rodrigo-400x267.jpg 400w, https:\/\/siegaverdecasarural.com\/web\/wp-content\/uploads\/2015\/01\/feria-teatro-ciudad-rodrigo-600x400.jpg 600w, https:\/\/siegaverdecasarural.com\/web\/wp-content\/uploads\/2015\/01\/feria-teatro-ciudad-rodrigo-800x533.jpg 800w, https:\/\/siegaverdecasarural.com\/web\/wp-content\/uploads\/2015\/01\/feria-teatro-ciudad-rodrigo-1200x800.jpg 1200w, https:\/\/siegaverdecasarural.com\/web\/wp-content\/uploads\/2015\/01\/feria-teatro-ciudad-rodrigo.jpg 3888w\" sizes=\"(min-width: 2200px) 100vw, (min-width: 824px) 381px, (min-width: 732px) 572px, (min-width: 640px) 732px, \" \/><\/a><\/div><\/div><\/div><\/div><div class=\"awb-swiper-button awb-swiper-button-prev\"><i class=\"awb-icon-angle-left\" aria-hidden=\"true\"><\/i><\/div><div class=\"awb-swiper-button awb-swiper-button-next\"><i class=\"awb-icon-angle-right\" aria-hidden=\"true\"><\/i><\/div><\/div><\/div><div class=\"fusion-clearfix\"><\/div><\/div><\/div><\/div><\/div><\/p>\n","protected":false},"excerpt":{"rendered":"","protected":false},"author":1,"featured_media":0,"parent":0,"menu_order":0,"comment_status":"closed","ping_status":"open","template":"100-width.php","meta":{"footnotes":""},"class_list":["post-16","page","type-page","status-publish","hentry"],"_links":{"self":[{"href":"https:\/\/siegaverdecasarural.com\/web\/index.php?rest_route=\/wp\/v2\/pages\/16","targetHints":{"allow":["GET"]}}],"collection":[{"href":"https:\/\/siegaverdecasarural.com\/web\/index.php?rest_route=\/wp\/v2\/pages"}],"about":[{"href":"https:\/\/siegaverdecasarural.com\/web\/index.php?rest_route=\/wp\/v2\/types\/page"}],"author":[{"embeddable":true,"href":"https:\/\/siegaverdecasarural.com\/web\/index.php?rest_route=\/wp\/v2\/users\/1"}],"replies":[{"embeddable":true,"href":"https:\/\/siegaverdecasarural.com\/web\/index.php?rest_route=%2Fwp%2Fv2%2Fcomments&post=16"}],"version-history":[{"count":22,"href":"https:\/\/siegaverdecasarural.com\/web\/index.php?rest_route=\/wp\/v2\/pages\/16\/revisions"}],"predecessor-version":[{"id":1353,"href":"https:\/\/siegaverdecasarural.com\/web\/index.php?rest_route=\/wp\/v2\/pages\/16\/revisions\/1353"}],"wp:attachment":[{"href":"https:\/\/siegaverdecasarural.com\/web\/index.php?rest_route=%2Fwp%2Fv2%2Fmedia&parent=16"}],"curies":[{"name":"wp","href":"https:\/\/api.w.org\/{rel}","templated":true}]}}